+ 20111. Calculate l(-125).
-14
Let f(g) = g**2 + 21891*g + 699509. Give f(-32).
21
Let d(v) = -v**2 - 641*v + 43181. Determine d(63).
-1171
Let j(k) = -4435*k - 48734. What is j(-11)?
51
Let u(g) = -34*g**3 + 348*g**2 - 185*g - 164. What is u(1)?
-35
Let v(w) = w**3 + 30*w**2 + 90*w + 127. Give v(-27).
-116
Let k(g) = -g**3 + 22*g**2 + 212*g - 5156. Determine k(18).
-44
Let w(l) = 45*l**2 - 519*l + 520. Calculate w(1).
46
Let h(n) = n**2 + 122*n + 952. What is h(-76)?
-2544
Let s(m) = -47991*m + 2015751. Determine s(42).
129
Let u(n) = -23688*n + 118439. Determine u(5).
-1
Let r(c) = 4731*c + 1660587. Determine r(-351).
6
Let u(c) = 109*c**3 - 8*c**2 - 82*c - 163. Determine u(-3).
-2932
Let y(a) = 250*a + 5848. What is y(-25)?
-402
Let h(b) = -16*b**2 - 621*b - 56. Calculate h(-18).
5938
Let c(j) = 16*j**2 - 420*j + 417. Determine c(1).
13
Let u(d) = -d**3 + 13*d**2 + 1224*d - 34. What is u(42)?
218
Let y(m) = 2*m**3 + 94*m**2 - 947*m - 40855. What is y(-48)?
-7
Let w(x) = -2*x**2 - 314*x - 17145. Give w(-97).
-5505
Let j(u) = u**3 + 105*u**2 + 1086*u + 139103. What is j(-107)?
3
Let m(z) = -68*z**2 - 2561*z - 15637. Give m(-30).
-7
Let x(o) = -108*o - 27. Determine x(1).
-135
Let m(c) = -24*c**3 - 243*c**2 - 48*c - 172. Give m(-10).
8
Let b(j) = -7*j**2 + 514*j + 198. Determine b(74).
-98
Let y(b) = -3*b**3 - 52*b**2 - 199*b - 4335. Give y(-18).
-105
Let c(r) = -47*r**2 + 9228*r + 6105. What is c(197)?
-2
Let r(b) = 40442*b + 1941206. Determine r(-48).
-10
Let d(c) = 69835*c + 11313282. Give d(-162).
12
Let z(l) = 2*l**3 - 64*l**2 - 116*l + 119. Calculate z(33).
-1531
Let k(z) = -z**3 + 556*z**2 + 32933*z - 385. Calculate k(-54).
-7
Let y(h) = -h**3 + 4*h**2 + 11*h - 304. Calculate y(8).
-472
Let b(o) = o**3 + 56*o**2 + 666*o - 711. Give b(-19).
-8
Let d(b) = -41*b**2 - 481*b + 1452. Give d(3).
-360
Let m(d) = -457*d - 27016. Calculate m(-59).
-53
Let u(a) = a**2 - 21*a - 44. What is u(-3)?
28
Let p(y) = -321088*y + 1605497. What is p(5)?
57
Let d(b) = b**3 + 86*b**2 + 550*b - 1247. Determine d(-9).
40
Let h(n) = 82*n - 902. Give h(-22).
-2706
Let p(m) = -13*m**3 + 9*m**2 - 42*m + 103. Calculate p(5).
-1507
Let u(g) = -236*g - 18351. What is u(-86)?
1945
Let k(r) = -r**3 + 38*r**2 + 50*r + 732. Determine k(39).
1161
Let i(w) = 36*w**3 - 10*w**2 + 15*w - 25. Give i(2).
253
Let b(i) = 9*i**2 + 117087*i - 351274. Determine b(3).
68
Let i(x) = 58*x - 1965. Determine i(40).
355
Let g(r) = 11628*r - 430258. Determine g(37).
-22
Let w(b) = b**2 - 11308*b - 237910. Calculate w(-21).
-1
Let a(j) = -20*j**2 + 17*j + 41. Calculate a(-7).
-1058
Let q(g) = 344*g - 7363. Give q(6).
-5299
Let y(f) = 149*f**2 + 245*f - 1281. What is y(5)?
3669
Let y(z) = z**3 - 18*z**2 - 35*z - 128. Calculate y(12).
-1412
Let x(f) = 191*f + 46024. What is x(-241)?
-7
Let f(h) = -305*h + 16806. Determine f(56).
-274
Let s(c) = 157*c**3 - 21*c**2 - 61*c + 199. Calculate s(3).
4066
Let b(g) = 36*g**2 - 44366*g + 17247. What is b(1232)?
-1
Let s(u) = u**2 + 241*u - 7512. Calculate s(28).
20
Let z(i) = -12*i + 505. What is z(65)?
-275
Let f(n) = 61*n**3 - 1032*n**2 - 86*n + 32. Determine f(17).
15
Let z(x) = 11*x**3 - 285*x**2 - 979*x - 201. What is z(29)?
2
Let y(b) = -9*b**3 - 298*b**2 + 6482*b + 315. Determine y(15).
120
Let u(d) = -2*d**3 - 56*d**2 + 299*d + 5. What is u(6)?
-649
Let y(a) = -3*a**2 - 572*a - 25298. Give y(-68).
-274
Let z(h) = h**3 + 12*h**2 - 1030*h - 9524. Determine z(-9).
-11
Let y(o) = -53*o**3 + 1379*o**2 - 38*o + 340. Give y(26).
28
Let f(t) = t**3 - 518*t**2 + 74*t - 38351. Give f(518).
-19
Let b(y) = 2*y**2 - 350*y - 6. What is b(175)?
-6
Let b(p) = -598*p + 1357. Give b(0).
1357
Let x(v) = 1305*v**2 - 434566*v + 329. Determine x(333).
-4
Let g(u) = -10640*u - 52001. Calculate g(-5).
1199
Let s(q) = 73*q**2 - 94*q - 13. What is s(1)?
-34
Let g(v) = 705*v + 11450. Calculate g(-16).
170
Let u(p) = -33*p**3 - 498*p**2 + 44*p + 1345. What is u(-15)?
10
Let f(h) = 13*h**2 + 7283*h + 43237. Give f(-6).
7
Let a(n) = 3610*n + 631742. Determine a(-175).
-8
Let f(r) = 21*r**2 + 2141*r - 61. Determine f(-102).
41
Let u(m) = -3*m**2 + 1524*m - 17951. What is u(12)?
-95
Let s(i) = 28969*i - 492423. Determine s(17).
50
Let q(l) = -9*l**2 + 1558*l - 65788. Give q(73).
-15
Let l(p) = -72113*p + 360598. What is l(5)?
33
Let f(g) = -451*g - 13198. Determine f(-29).
-119
Let m(c) = 119*c**3 - 43*c**2 + 26*c + 18. What is m(1)?
120
Let z(y) = 3392*y - 30427. Give z(9).
101
Let b(o) = -358*o**2 + 995*o - 4. Give b(3).
-241
Let g(z) = 281*z - 1058. What is g(4)?
66
Let w(v) = -32255*v + 1483744. Determine w(46).
14
Let u(w) = w**3 - 97*w**2 - 96*w + 43. Give u(98).
239
Let i(w) = -23*w**2 + 6657*w - 6654. What is i(1)?
-20
Let a(v) = v**3 - 359*v**2 - 28057*v + 2970. Determine a(425).
-5
Let h(f) = -f**3 - 9*f**2 - 6*f + 62. Give h(-5).
-8
Let c(d) = -407*d**2 - 2840*d + 11. Give c(-7).
-52
Let z(t) = -619*t**2 - 56935*t + 1192. Determine z(-92).
-4
Let y(m) = -47*m**2 + 87*m + 7. Calculate y(5).
-733
Let n(a) = 3*a**3 + 3*a**2 - 1096*a - 3277. Calculate n(20).
3
Let l(y) = -y**2 + 1414*y - 106725. What is l(80)?
-5
Let s(y) = y**3 - 51*y**2 - 391*y - 863. Give s(58).
7
Let b(t) = t**3 + 297*t**2 + 296*t + 87911. What is b(-297)?
-1
Let u(i) = 20422*i - 61271. Determine u(3).
-5
Let y(o) = 38*o**2 + 1481*o - 153. Calculate y(-39).
-114
Let m(k) = k**3 + 51*k**2 - 116*k - 4660. What is m(-52)?
-1332
Let s(q) = 1026*q - 396900. What is s(387)?
162
Let v(c) = 299*c - 57380. Calculate v(191).
-271
Let n(a) = 2*a**2 - 110*a + 895. Give n(61).
1627
Let w(j) = -415365*j - 3322902. What is w(-8)?
18
Let g(u) = -2*u**3 + 32*u**2 - 96*u - 188. Give g(8).
68
Let i(g) = -2691*g + 10546. Determine i(4).
-218
Let u(t) = -5*t**3 + 364*t**2 - 660*t + 1456. What is u(71)?
-35
Let k(v) = -2136309*v - 17090457. Give k(-8).
15
Let n(r) = 7*r**2 - 479*r - 33. Give n(66).
-1155
Let r(j) = 55*j**3 - 8*j**2 + 60*j - 300. Determine r(4).
3332
Let n(f) = f**3 + 13*f**2 + 31*f + 374. Calculate n(-13).
-29
Let h(x) = -x**2 + 278*x - 22502. Give h(152).
-3350
Let p(i) = 476*i - 53788. Give p(113).
0
Let v(n) = -27*n**2 - 341*n + 1030. Determine v(3).
-236
Let v(k) = 145*k**2 - 72*k - 157. Give v(-2).
567
Let y(o) = -o**3 - 16*o**2 - 46*o - 90. Determine y(-14).
162
Let a(f) = 316255*f - 3795074. Determine a(12).
-14
Let a(f) = -f**2 - 1857*f + 266875. Give a(134).
81
Let p(m) = -m**3 + 24*m**2 - 771*m + 14792. Determine p(21).
-76
Let r(t) = t**3 + 12*t**2 - 24*t - 13. Calculate r(-13).
130
Let q(w) = -2*w**3 + 66*w**2 + 373*w + 58. What is q(-5)?
93
Let o(p) = p**3 + 121*p**2 + 244*p + 415. Give o(-119).
-299
Let v(h) = -1140816*h - 2281630. What is v(-2)?
2
Let g(v) = -20*v**2 + 3057*v - 17169. Calculate g(147).
30
Let r(x) = -376*x + 4171. What is r(11)?
35
Let j(t) = -164*t + 822. Calculate j(5).
2
Let o(r) = -13*r**2 + 771*r - 2219. What is o(3)?
-23
Let h(o) = -5289*o + 4902907. Calculate h(927).
4
Let c(l) = 2*l**2 + 695*l + 3991. Calculate c(-6).
-107
Let k(p) = p**2 - 239*p + 5194. What is k(24)?
34
Let u(p) = p**2 + 508*p - 201747. Give u(-770).
-7
Let k(m) = 26*m**3 - 183*m**2 + 29*m - 27. Determine k(7).
127
Let b(t) = 57071*t + 2454057. What is b(-43)?
4
Let x(u) = u**3 - 136*u**2 + 76*u - 10977. Give x(136).
-641
Let y(r) = -r**3 - 16*r**2 - 3061*r - 45691. Calculate y(-15).
-1
Let h(c) = -6667*c - 24008. Determine h(-3).
-4007
Let m(a) = -31771*a - 1143749. Calculate m(-36).
7
Let a(i) = -7*i**2 - 49*i - 98. Calculate a(-14).
-784
Let j(x) = -7*x**3 - 175*x**2 - 30*x - 736. What is j(-25)?
14
Let z(n) = -15319*n + 842541. What is z(55)?
-4
Let h(j) = j**3 - 112*j**2 - 166*j + 5847. Determine h(113).
-142
Let n(f) = -253*f**2 + 5050*f + 255. Determine n(20).
55
Let m(u) = 395*u - 103174. What is m(261)?
-79
Let j(t) = t**3 - 55*t**2 - 443*t - 35. What is j(-7)?
28
Let g(l) = -l**2 - 1509*l + 30571. Determine g(20).
-9
Let a(h) = -29*h**2 + 504*h + 1519. Give a(-3).
-254
Let h(u) = -2*u**3 - 18*u**2 + 440*u - 160. Calculate h(-20).
-160
Let w(y) = -y**3 - 94*y**2 - 2060*y - 193641. What is w(-94)?
-1
Let w(k) = k**3 - 11*k**2 - 849*k + 9148. Give w(11).
-191
Let o(t) = 2*t**2 - 3657*t + 83007. Calculate o(23).
-46
Let p(w) = -147702*w + 82565412. What is p(559)?
-6
Let y(m) = -3*m**